rime?
True
Let p = 3443 + 74748. Is p a composite number?
False
Let u(i) = 1370*i**2 + 8*i + 25. Is u(-2) prime?
False
Let v = 216049 + -119070. Is v prime?
True
Suppose c = -7*b + 2763391, 5*b - 322*c - 1973837 = -321*c. Is b composite?
True
Let p(u) = -15*u**2 - 3*u + 31 + 23*u - 88 + 158*u**3 + 7*u**2. Is p(4) prime?
True
Let y(v) = 3*v**3 + 5*v**2 + 10*v + 245. Is y(29) prime?
False
Let g(z) = -z**3 - 22*z**2 - 17*z + 17. Let n(l) be the third derivative of -l**4/24 + l**3/6 + 30*l**2. Let s(v) = -g(v) + 3*n(v). Is s(-15) prime?
False
Let y = -280145 - -1231648. Is y prime?
False
Suppose -5*q + 55347 - 9077 = 0. Let a = q - 3685. Is a prime?
True
Let l(n) = 2*n + 62. Let h be l(-29). Let o(v) = -1 - 1 + 5 + 73*v**2 + 0. Is o(h) composite?
False
Let x(w) = -75822*w - 751. Is x(-1) a prime number?
False
Let o(i) = -52895*i + 54. Is o(-1) a prime number?
False
Is 6*6/(-54)*399174/(-4) a prime number?
True
Suppose 4*k = -n + 112, 5*n + 205 = -3*k + 697. Let v(u) = -n*u + 59*u - 83*u - 110*u - 1. Is v(-4) a prime number?
True
Suppose -k + 2149 = -5*o + 4*o, -4*k - 6433 = 3*o. Let a = o - -4416. Is a prime?
True
Let s = 79 + -81. Is ((-2)/6)/(s/53610) prime?
False
Suppose -2*a = 3*a - 27100. Suppose 5*h + a = 7*h. Suppose 11*i + 3*q + 1352 = 13*i, 4*i - 3*q = h. Is i composite?
True
Is (286/104*(3 + -5))/((-1)/16922) composite?
True
Suppose -13*y + 912686 = 8*y - 257875. Is y a prime number?
False
Suppose 4*j = 3*g - 15, -19 = 4*g - 2*j - 29. Let r(a) = 1170*a**3 - a**2 + 4*a - 4. Is r(g) prime?
False
Let y = -2810164 - -4472129. Is y composite?
True
Let s = 130084 - -66715. Is s a composite number?
False
Let w(f) be the first derivative of -203*f**4/4 - f**3 + f**2 + 6*f + 35. Let d be w(3). Let r = -3547 - d. Is r composite?
False
Let t(w) = w**2 - w - 10. Let r be t(-3). Suppose 6139 = r*f + 955. Let d = -1525 + f. Is d a prime number?
False
Is 96156/2 - (-19 - 80/(-4)) composite?
True
Let s(o) = -o + 38. Let k be s(8). Suppose -l - 4*z = -0 - 22, 4*z - k = -5*l. Suppose 0 = -4*w - 16, l*p - w - 1802 = -6*w. Is p composite?
False
Let g(s) = -85010*s + 629. Is g(-3) a composite number?
False
Suppose 0 = -5*p + 3*u - 15, 7*u + 20 = 3*u. Is (-24)/(-36) + (-21854)/p a prime number?
True
Let r(d) = 22*d**2 - 9*d + 2. Let i = 43 + -66. Let b = i + 14. Is r(b) a prime number?
False
Suppose 165*f + 4599030 = 195*f. Is f a composite number?
True
Let i be (-20)/60*(0/(-1) - -21). Is 134/((-7)/(i/2)) a composite number?
False
Suppose 0 = -2*p + p + 80. Let n = p + -77. Is -1 + 504 - 12/n composite?
False
Is ((-24)/48)/((-1)/(-5)*(-20)/374424) a prime number?
False
Let h(q) = -q**2 + 11*q - 22. Let s be h(5). Suppose 6*n - 10 = s. Suppose 4*f + 6*m = 4*m + 5266, 0 = n*f + 4*m - 3937. Is f a composite number?
False
Suppose 28*n + 73401 = 334109. Is n a composite number?
False
Let w = 149 - 144. Suppose w*l + 841 - 13326 = 0. Is l composite?
True
Suppose -92*r - 4*p + 52010 = -90*r, -78006 = -3*r - 3*p. Is r prime?
True
Let k = -99 - -105. Let d(i) = 683*i + 64. Is d(k) a prime number?
False
Let i(j) be the second derivative of -439*j**5/20 + j**4/6 + 29*j**3/6 + 91*j**2/2 - 38*j + 2. Is i(-4) a prime number?
False
Let r(g) = -1949*g + 33. Let c be r(2). Let w = c + 9012. Is w prime?
True
Suppose 0 = 5*c - 25, 10*q - 8*q + 2*c - 14 = 0. Suppose u + 116264 = 21*f - 17*f, -q*f - u = -58126. Is f a prime number?
False
Let g be 6/27 + 1/(36/172). Suppose g*b = -3*x + 3197, -2142 = -2*x + 5*b - 3*b. Is x composite?
False
Let i = -484 - -480. Is ((-3)/((-24)/(-15332)))/(2/i) prime?
True
Let p(v) = -108 + 217 - 109 + 6292*v**2 + 3*v. Is p(1) composite?
True
Let h be (-71)/((2/(-424))/(312/48)). Suppose 31093 - h = -5*i. Is i a prime number?
False
Let u be ((-3)/(6/4))/(-1). Suppose -y + 17 = 4*y + u*x, 0 = 5*y - 5*x - 45. Suppose -5*a - 2*q + 1289 = -y*q, 5*a - 1293 = q. Is a prime?
False
Let z(y) be the third derivative of 79*y**5/30 + 5*y**4/4 + y**3/6 + 2*y**2 + 2*y. Is z(-6) prime?
False
Let f(y) be the second derivative of 7*y**4/12 - 5*y**3/6 + 7*y**2/2 - 31*y. Let a be f(3). Is 2*(169/10 - 22/a) a prime number?
False
Let c(o) = -2252*o**3 + 7*o**2 + 6*o + 3. Is c(-2) composite?
True
Let l(g) = -2*g + 22. Let j be l(9). Suppose -f = -2*i - 1649, j*f - 2*f - 3322 = -4*i. Suppose f = c - 0*w + 2*w, -4*w - 3310 = -2*c. Is c a composite number?
True
Suppose -12*v + 3*m = -10*v - 404531, 0 = -3*v - 2*m + 606777. Is v composite?
True
Suppose 0 = 6*q - 3007 - 5915. Suppose n + 3 = 0, 10*u + n - q = 5*u. Is u prime?
False
Suppose 7*f + 10040 = -f. Let k = f + 2926. Suppose -2594 = -5*d + k. Is d a composite number?
False
Suppose 0 = -27*w + 35*w - 188072. Is w composite?
False
Suppose 5*w - 3*d - 5 = 0, 6*d = -5*w + d + 5. Is (w*-1 + 0)/(146/(-2838094)) composite?
True
Is ((-5927044)/(-12))/(7/3) + 1872/2184 composite?
False
Let m = -132944 - -234429. Is m a composite number?
True
Suppose 3*m - 92076 = 1195*c - 1196*c, m - 30694 = -c. Is m composite?
True
Suppose 3*b = m + 2*b - 10, 0 = -m - 5*b - 20. Suppose m*a + 7049 = t, -6*t + 3*t + 4*a = -21125. Is t composite?
False
Let w(l) = l - 11. Let s be w(13). Suppose -r - 7 = -s*i - 2*r, 5*i + 5*r = 20. Suppose 2*c + 0*a - i*a - 875 = 0, 4*c = -2*a + 1790. Is c prime?
False
Let o(g) = 54*g - 3 + 112*g + 15. Is o(1) composite?
True
Suppose -g + y - 5*y = -565223, -2*g = 2*y - 1130422. Is g a composite number?
False
Suppose -4*v - 3390 = 2*u, -u + 3*u + 1696 = -2*v. Is (-6)/11 + (-40067797)/v a composite number?
True
Suppose 27*i + 7850975 = 52*i. Is i a composite number?
True
Suppose 0 = -18*j + 7*j + 229537. Let u(m) = m**2 - 4*m - 6. Let n be u(6). Suppose -n*f - j = -17*f. Is f prime?
False
Suppose 9 = 36*r - 33*r. Let z(f) = -33 - 14*f - 7*f**2 + 4*f**r + 32 - 3*f**3. Is z(10) a prime number?
False
Let u(p) = -p**3 - p**2 + 4*p + 7. Let b be u(-2). Is (3/((-27)/6906))/((-2)/b) prime?
True
Let i be 43*1/((4 - 4) + 1). Suppose 581 = 2*d - 3*p, i = -3*d + 5*p + 915. Is d a prime number?
False
Suppose -3*g - 4*y + 86293 = 0, -8 = -5*y - 3. Suppose -4*q = -g - 8121. Is q prime?
True
Let r = 39 + -41. Let n be (-22)/33 - 17*r/6. Suppose -5*s + 3409 = -3*c, -3*c - 3407 = -n*s + c. Is s composite?
False
Let i = -3894 + 2061. Let y = i - -3628. Is y a prime number?
False
Suppose 309*h = 305*h + 81536. Let b = 10295 + h. Is b composite?
True
Suppose 5*d - 27 = -t + 18, 0 = 3*t. Is 1 - 1165/(-4) - d/(-12) prime?
True
Let y(i) = -1040*i**2 + 3*i - 1. Suppose -3*w = -3*b - 12, w + 5*b + 10 = -4*w. Let z be y(w). Let k = -371 - z. Is k composite?
True
Let g(z) be the first derivative of 28*z**3/3 + 2*z**2 + 17*z - 37. Is g(-5) composite?
True
Let d = -9658 + 144041. Is d prime?
False
Let y(n) = 21*n**2 - 8*n - 5. Suppose 0*v + 5 = 5*v. Let o be 3*(0 + -3 - -6 - v). Is y(o) composite?
True
Suppose z = -159*d + 157*d + 742901, 5*z + 2*d - 3714465 = 0. Is z prime?
True
Let d be -4 + 4 + 2 + 3. Suppose -4*q + 12 = 4*t, 0 = -3*t + 4*q - 3*q + d. Suppose -393 = -t*x - x. Is x a prime number?
True
Let w(f) = 24*f**2 + 140*f + 14. Let z be w(-33). Suppose 0 = 210*g - 200*g - z. Is g a composite number?
False
Let n = -18232 + 29681. Is n prime?
False
Suppose 17*u - 3*f + 10 = 12*u, 3*f = 3*u + 6. Is (3/12)/(u/(-4))*53990 prime?
False
Let m = 20655 + -8386. Is m prime?
True
Let f = 2 - 0. Suppose 6*x = 15*x + 12*x. Suppose f*n - 5*n + 1473 = x. Is n prime?
True
Suppose 3*i = -3*y + 654, 2*y = 2*i - 235 - 201. Suppose 0*x = -2*x + i. Is x composite?
False
Is 1/(12620988/(-75729816) - 2*(-1)/12) prime?
True
Suppose -13918 = -11*w + 14473. Is w composite?
True
Let q = 314225 - 192966. Is q prime?
True
Let a(h) = -h**2 - 2*h**2 + h**2 - 4*h + 3*h**3 - 5*h**2 - 3 + 10. Let f be ((-2)/4)/(1/(-12)). Is a(f) a prime number?
True
Let w = 38 + -59. Let c(p) = 34*p**2 + 23*p - 40. Let r be c(w). Let z = r + -9214. Is z a prime number?
False
Let y be 6*(57/(-9) - -7). Suppose -20*j - 15 = -23*j, -3*m + y*j + 403 = 0. Is m composite?
True
Suppose 388*j - 1887664 = 39859479 + 40530973. Is j prime?
True
Let g = 362 - 143. Let k = g + -122. Is k composite?
False
Let y(k) = -k**3 + 20*k**2 + 22*k - 19. Let w be y(21). Suppose 3*r + 7011 = 3*x, 3*x - w*r = -x + 9340. Is x prime?
True
Let w(j) = 24*j**2 - 39*j + 61. Is w(-84) a prime number?
True
Supp